{"id":8618,"date":"2013-11-08T13:27:24","date_gmt":"2013-11-08T13:27:24","guid":{"rendered":"http:\/\/localhost:10245\/?p=8618"},"modified":"2024-11-07T07:28:17","modified_gmt":"2024-11-07T07:28:17","slug":"pravna-stabilnost-ne-smije-biti-cijena-ekonomskog-rasta-17","status":"publish","type":"novosti","link":"https:\/\/transparency.vdevs.eu\/hr\/novost\/pravna-stabilnost-ne-smije-biti-cijena-ekonomskog-rasta-17\/","title":{"rendered":"Pravna stabilnost ne smije biti cijena ekonomskog rasta"},"content":{"rendered":"<p style=\"text-align: justify;\">Platforma 112 poziva sve \u010dlanove izvr&scaron;ne vlasti da se suzdr\u017ee od napada na sudsku vlast, a posebice od izravne konfrontacije s pojedinim sucima oko na\u010dina na koji \u0107e rje&scaron;avati predmete koji su u tijeku.<\/p>\n<p>Od Vlade i svih njenih ministara tra\u017eimo da se dosljedno dr\u017ee ustavnog na\u010dela trodiobe vlasti i da se ni na koji na\u010din ne upli\u0107u u dono&scaron;enje sudskih odluka, konkretno u odluku pojedinog suca da temeljem zakona i svog diskrecijskog prava (pa i obveze) zatra\u017ei ocjenu ustavnosti bilo kojeg propisa kojeg je du\u017ean provoditi, \u010dak i u slu\u010daju kad vjeruju da sudac nema dovoljno valjanih argumenata. U suprotnome, Vlada podriva ionako krhku pravnu stabilnost u Hrvatskoj.<\/p>\n<p>Upozoravamo da je u svakoj razvijenoj demokraciji nezamisliv ovakav javni obra\u010dun i napad na suca od strane najvi&scaron;ih predstavnika Vlade, bez obzira na motive zbog kojih je sudac Mislav Kolaku&scaron;i\u0107 donio odluku i bez obzira na neodobravanje izvr&scaron;ne vlasti, sindikata i tvrtki uklju\u010denih u predste\u010dajne postupke pa \u010dak i onda kada takva odluka mo\u017ee negativno utjecati na sudbine radnika tvrtki u predste\u010dajnim postupcima.<\/p>\n<p>\u010cak i ako uzmemo u obzir zaista velik napor i \u017eelju ministra Slavka Lini\u0107a da kroz institut predste\u010dajnih nagodbi spasi posrnule gospodarske subjekte te svima va\u017ena radna mjesta, napominjemo da Hrvatska nije proglasila izvanredno stanje i da izvr&scaron;na vlast ne mo\u017ee jednostavno suspendirati osnovna na\u010dela funkcioniranja ure\u0111ene dr\u017eave, konkretno Ustavom ure\u0111eno na\u010delo trodiobe vlasti.<\/p>\n<p>Tako\u0111er \u017eelimo podsjetiti ovu i sve budu\u0107e vlade da su pravosudna tijela odgovaraju\u0107e i zakonito preispitivala i procesuirala slu\u010dajeve povezanosti izvr&scaron;ne vlasti s kriminalom, a &scaron;to je ministar Lini\u0107 sucu Kolaku&scaron;i\u0107u posebno zamjerio, danas se zasigurno ne bismo bavili su\u0111enjima biv&scaron;em premijeru Ivi Sanaderu, biv&scaron;im ministrima Branimiru Ron\u010devi\u0107u i Damiru Polan\u010decu, kao i mnogim drugima koji su se obna&scaron;aju\u0107i javnu du\u017enost ogrije&scaron;ili o zakone RH.<\/p>\n<p>Platforma 112<\/p>\n<p>&quot;Platformu 112 &ndash; za Hrvatsku vladavine prava&quot; \u010dine sljede\u0107e organizacije:<br \/>\nB.a.B.e., CESI &#8211; Centar za edukaciju, savjetovanje i istra\u017eivanje, Centar za LGBT ravnopravnost, Centar za mirovne studije (CMS), Centar za mir, nenasilje i ljudska prava Osijek, Centar za mir, pravne savjete i psihosocijalnu pomo\u0107 Vukovar, Documenta &ndash; Centar za suo\u010davanje s pro&scaron;lo&scaron;\u0107u, GONG, Ku\u0107a ljudskih prava, Ludruga, Pravo na grad, Srpski demokratski forum, Transparency International Hrvatska, Udruga za dru&scaron;tvenu afirmaciju osoba s du&scaron;evnim smetnjama &#8211; Sjaj, Udruga za nezavisnu medijsku kulturu, Udruga za promicanje inkluzije, Udruga za promicanje istih mogu\u0107nosti, Udruga roditelja djece s posebnim potrebama &quot;Put u \u017eivot &#8211; PU\u017d&quot;, Udruga za samozastupanje, Zbor istra\u017eiva\u010dkih novinara, Zelena akcija.<\/p>\n<p>&bdquo;Platformu 112 &ndash; za Hrvatsku vladavine prava&ldquo; podr\u017eavaju sljede\u0107e organizacije:<br \/>\nAmnesty International Hrvatska, Brodsko ekolo&scaron;ko dru&scaron;tvo, Centar inkluzivne potpore IDEM, Centar za gra\u0111anske inicijative Pore\u010d, Centar za podr&scaron;ku i razvoj civilnog dru&scaron;tva DELFIN Pakrac, DE&Scaron;A &ndash; Dubrovnik, Humanitarna i mirotvorna organizacija, Eko Pan, Eko-eko Komin, Ekolo&scaron;ko turisti\u010dka udruga &Scaron;olte, Eko-Zadar, Forum za slobodu odgoja, Hrvatsko debatno dru&scaron;tvo, Hrvatska udruga gluhoslijepih osoba Dodir, Hrvatska udruga za &scaron;kolovanje pasa vodi\u010da i mobilitet, Hrvatski savez slijepih, Informativno Pravni Centar (IPC), Iskorak &#8211; Centar za prava seksualnih i rodnih manjina, Koalicija udruga Info zona, Koalicija udruga u zdravstvu, Koordinacija udruga za djecu, Krka Knin, Kurziv &#8211; platforma za pitanja kulture, medija i dru&scaron;tva, Lezbijska grupa Kontra, MIRamiDA Centar regionalne razmjene mirovnih iskustava, Mirovna grupa Oaza Beli Manastir, Mre\u017ea mladih Hrvatske, Multimedijalni institut, OGI &ndash; Organizacija za gra\u0111anske inicijative, Projekt gra\u0111anskih prava Sisak, Radio Mre\u017ea, Roditelji u akciji, Udruga Delta, Udruga LET, Fade In &ndash; Fantasti\u010dno dobra institucija, Savez udruga stanara Hrvatske (SUSH), Socijalna politika i uklju\u010divanje (SPUK), Udruga HOMO za za&scaron;titu ljudskih prava i gra\u0111anskih sloboda, Udruga za pomo\u0107 i edukaciju \u017ertava mobbing, Udruga za pomo\u0107 osobama s mentalnom retardacijom Me\u0111imurske \u017eupanije, Udruga za prirodu, okoli&scaron; i odr\u017eivi razvoj Sunce, Udruga za promicanje ljudskih prava i medijskih sloboda CENZURA PLUS, Udruga Protagora, Udruga za razvoj civilnog dru&scaron;tva SMART, Udruga za za&scaron;titu ljudskih prava i humanitarne aktivnosti &quot;Dalmatinski odbor solidarnosti-DOS&quot;, Volonterski centar Zagreb, Zaklada Slagalica, Zelena Istra, Zeleni Osijek, \u017denska soba, Zagreb Pride<\/p>\n","protected":false},"excerpt":{"rendered":"<p>Platforma 112 poziva sve \u010dlanove izvr&scaron;ne vlasti da se suzdr\u017ee od napada na sudsku vlast, a posebice od izravne konfrontacije s pojedinim sucima oko na\u010dina na koji \u0107e rje&scaron;avati predmete koji su u tijeku. Od Vlade i svih njenih ministara tra\u017eimo da se dosljedno dr\u017ee ustavnog na\u010dela trodiobe vlasti i da se ni na koji [&hellip;]<\/p>\n","protected":false},"author":1,"featured_media":11919,"menu_order":0,"template":"","categories":[],"novosti_category":[64],"class_list":["post-8618","novosti","type-novosti","status-publish","has-post-thumbnail","hentry","novosti_category-novosti"],"acf":[],"_links":{"self":[{"href":"https:\/\/transparency.vdevs.eu\/en\/wp-json\/wp\/v2\/novosti\/8618","targetHints":{"allow":["GET"]}}],"collection":[{"href":"https:\/\/transparency.vdevs.eu\/en\/wp-json\/wp\/v2\/novosti"}],"about":[{"href":"https:\/\/transparency.vdevs.eu\/en\/wp-json\/wp\/v2\/types\/novosti"}],"author":[{"embeddable":true,"href":"https:\/\/transparency.vdevs.eu\/en\/wp-json\/wp\/v2\/users\/1"}],"wp:featuredmedia":[{"embeddable":true,"href":"https:\/\/transparency.vdevs.eu\/en\/wp-json\/wp\/v2\/media\/11919"}],"wp:attachment":[{"href":"https:\/\/transparency.vdevs.eu\/en\/wp-json\/wp\/v2\/media?parent=8618"}],"wp:term":[{"taxonomy":"category","embeddable":true,"href":"https:\/\/transparency.vdevs.eu\/en\/wp-json\/wp\/v2\/categories?post=8618"},{"taxonomy":"novosti_category","embeddable":true,"href":"https:\/\/transparency.vdevs.eu\/en\/wp-json\/wp\/v2\/novosti_category?post=8618"}],"curies":[{"name":"wp","href":"https:\/\/api.w.org\/{rel}","templated":true}]}}

<p style="text-align: justify;">Platforma 112 poziva sve članove izvr&scaron;ne vlasti da se suzdrže od napada na sudsku vlast, a posebice od izravne konfrontacije s pojedinim sucima oko načina na koji će rje&scaron;avati predmete koji su u tijeku.</p>
<p>Od Vlade i svih njenih ministara tražimo da se dosljedno drže ustavnog načela trodiobe vlasti i da se ni na koji način ne upliću u dono&scaron;enje sudskih odluka, konkretno u odluku pojedinog suca da temeljem zakona i svog diskrecijskog prava (pa i obveze) zatraži ocjenu ustavnosti bilo kojeg propisa kojeg je dužan provoditi, čak i u slučaju kad vjeruju da sudac nema dovoljno valjanih argumenata. U suprotnome, Vlada podriva ionako krhku pravnu stabilnost u Hrvatskoj.</p>
<p>Upozoravamo da je u svakoj razvijenoj demokraciji nezamisliv ovakav javni obračun i napad na suca od strane najvi&scaron;ih predstavnika Vlade, bez obzira na motive zbog kojih je sudac Mislav Kolaku&scaron;ić donio odluku i bez obzira na neodobravanje izvr&scaron;ne vlasti, sindikata i tvrtki uključenih u predstečajne postupke pa čak i onda kada takva odluka može negativno utjecati na sudbine radnika tvrtki u predstečajnim postupcima.</p>
<p>Čak i ako uzmemo u obzir zaista velik napor i želju ministra Slavka Linića da kroz institut predstečajnih nagodbi spasi posrnule gospodarske subjekte te svima važna radna mjesta, napominjemo da Hrvatska nije proglasila izvanredno stanje i da izvr&scaron;na vlast ne može jednostavno suspendirati osnovna načela funkcioniranja uređene države, konkretno Ustavom uređeno načelo trodiobe vlasti.</p>
<p>Također želimo podsjetiti ovu i sve buduće vlade da su pravosudna tijela odgovarajuće i zakonito preispitivala i procesuirala slučajeve povezanosti izvr&scaron;ne vlasti s kriminalom, a &scaron;to je ministar Linić sucu Kolaku&scaron;iću posebno zamjerio, danas se zasigurno ne bismo bavili suđenjima biv&scaron;em premijeru Ivi Sanaderu, biv&scaron;im ministrima Branimiru Rončeviću i Damiru Polančecu, kao i mnogim drugima koji su se obna&scaron;ajući javnu dužnost ogrije&scaron;ili o zakone RH.</p>
<p>Platforma 112</p>
<p>&quot;Platformu 112 &ndash; za Hrvatsku vladavine prava&quot; čine sljedeće organizacije:<br />
B.a.B.e., CESI &#8211; Centar za edukaciju, savjetovanje i istraživanje, Centar za LGBT ravnopravnost, Centar za mirovne studije (CMS), Centar za mir, nenasilje i ljudska prava Osijek, Centar za mir, pravne savjete i psihosocijalnu pomoć Vukovar, Documenta &ndash; Centar za suočavanje s pro&scaron;lo&scaron;ću, GONG, Kuća ljudskih prava, Ludruga, Pravo na grad, Srpski demokratski forum, Transparency International Hrvatska, Udruga za dru&scaron;tvenu afirmaciju osoba s du&scaron;evnim smetnjama &#8211; Sjaj, Udruga za nezavisnu medijsku kulturu, Udruga za promicanje inkluzije, Udruga za promicanje istih mogućnosti, Udruga roditelja djece s posebnim potrebama &quot;Put u život &#8211; PUŽ&quot;, Udruga za samozastupanje, Zbor istraživačkih novinara, Zelena akcija.</p>
<p>&bdquo;Platformu 112 &ndash; za Hrvatsku vladavine prava&ldquo; podržavaju sljedeće organizacije:<br />
Amnesty International Hrvatska, Brodsko ekolo&scaron;ko dru&scaron;tvo, Centar inkluzivne potpore IDEM, Centar za građanske inicijative Poreč, Centar za podr&scaron;ku i razvoj civilnog dru&scaron;tva DELFIN Pakrac, DE&Scaron;A &ndash; Dubrovnik, Humanitarna i mirotvorna organizacija, Eko Pan, Eko-eko Komin, Ekolo&scaron;ko turistička udruga &Scaron;olte, Eko-Zadar, Forum za slobodu odgoja, Hrvatsko debatno dru&scaron;tvo, Hrvatska udruga gluhoslijepih osoba Dodir, Hrvatska udruga za &scaron;kolovanje pasa vodiča i mobilitet, Hrvatski savez slijepih, Informativno Pravni Centar (IPC), Iskorak &#8211; Centar za prava seksualnih i rodnih manjina, Koalicija udruga Info zona, Koalicija udruga u zdravstvu, Koordinacija udruga za djecu, Krka Knin, Kurziv &#8211; platforma za pitanja kulture, medija i dru&scaron;tva, Lezbijska grupa Kontra, MIRamiDA Centar regionalne razmjene mirovnih iskustava, Mirovna grupa Oaza Beli Manastir, Mreža mladih Hrvatske, Multimedijalni institut, OGI &ndash; Organizacija za građanske inicijative, Projekt građanskih prava Sisak, Radio Mreža, Roditelji u akciji, Udruga Delta, Udruga LET, Fade In &ndash; Fantastično dobra institucija, Savez udruga stanara Hrvatske (SUSH), Socijalna politika i uključivanje (SPUK), Udruga HOMO za za&scaron;titu ljudskih prava i građanskih sloboda, Udruga za pomoć i edukaciju žrtava mobbing, Udruga za pomoć osobama s mentalnom retardacijom Međimurske županije, Udruga za prirodu, okoli&scaron; i održivi razvoj Sunce, Udruga za promicanje ljudskih prava i medijskih sloboda CENZURA PLUS, Udruga Protagora, Udruga za razvoj civilnog dru&scaron;tva SMART, Udruga za za&scaron;titu ljudskih prava i humanitarne aktivnosti &quot;Dalmatinski odbor solidarnosti-DOS&quot;, Volonterski centar Zagreb, Zaklada Slagalica, Zelena Istra, Zeleni Osijek, Ženska soba, Zagreb Pride</p>

<p>Platforma 112 poziva sve članove izvr&scaron;ne vlasti da se suzdrže od napada na sudsku vlast, a posebice od izravne konfrontacije s pojedinim sucima oko načina na koji će rje&scaron;avati predmete koji su u tijeku. Od Vlade i svih njenih ministara tražimo da se dosljedno drže ustavnog načela trodiobe vlasti i da se ni na koji [&hellip;]</p>
