{"id":8899,"date":"2015-09-19T12:42:47","date_gmt":"2015-09-19T12:42:47","guid":{"rendered":"http:\/\/localhost:10245\/?p=8899"},"modified":"2015-09-19T10:42:47","modified_gmt":"2015-09-19T10:42:47","slug":"izbjeglicku-krizu-nemojte-koristiti-za-korumpiranost-317","status":"publish","type":"novosti","link":"https:\/\/transparency.vdevs.eu\/hr\/novost\/izbjeglicku-krizu-nemojte-koristiti-za-korumpiranost-317\/","title":{"rendered":"Izbjegli\u010dku krizu nemojte koristiti za korumpiranost"},"content":{"rendered":"<p style=\"text-align: justify;\">Transparency international Hrvatska smatra da je neophodno pokazati stvarnu primjenu duboke ukorijenjenosti pozitivnih dru&scaron;tvenih vrijednosti u svakodnevni rad svih politi\u010dkih institucija, pojedinaca koji obna&scaron;aju javnu vlasti i gra\u0111ana koji \u017eive u Hrvatskoj.<\/p>\n<p style=\"text-align: justify;\"><span style=\"line-height: 1.6em;\">&bdquo;<em>Dolazak velikog broja ljudi na prostor Republike Hrvatske odgovornost je ne samo onih pojedinaca koji u ovom trenutku vr&scaron;e javnu vlast i imaju obavezu rije&scaron;iti sada&scaron;nju situaciju, ve\u0107 i svakog gra\u0111anina.<\/em><\/span><\/p>\n<p style=\"text-align: justify;\"><em><span style=\"line-height: 1.6em;\">U aktivnostima u koje ste uklju\u010deni&nbsp;budite po&scaron;teni&nbsp;i poka\u017eite ljudskost, humanost i odgovornost.&nbsp;Nemojte koristiti tu\u0111u nevolju kako bi se opravdavali i pozivali na ekstreme. &nbsp; &nbsp;<\/span><\/em><\/p>\n<p style=\"text-align: justify;\"><em><span style=\"line-height: 1.6em;\">Koruptivno pona&scaron;anje po\u010dinje onda kada umiru sve one vrijednosti&nbsp;koji se protive zdravom razumu i slu\u017eenju \u010ditavom dru&scaron;tvu.<\/span><\/em><\/p>\n<p style=\"text-align: justify;\"><span style=\"line-height: 1.6em;\"><em>Pozivamo svakog pojedinca da po&scaron;tuje pravila i norme vlastite dr\u017eave, da djeluje u skladu s njima, te da se podr\u017ee napori dr\u017eavnih institucija i mjerodavnih tijela da se ova situacija &scaron;to prije zavr&scaron;<\/em>i.&nbsp;&ldquo; istaknula je&nbsp;Davorka Budimir, predsjednica TIH-a.<\/span><\/p>\n","protected":false},"excerpt":{"rendered":"<p>Transparency international Hrvatska smatra da je neophodno pokazati stvarnu primjenu duboke ukorijenjenosti pozitivnih dru&scaron;tvenih vrijednosti u svakodnevni rad svih politi\u010dkih institucija, pojedinaca koji obna&scaron;aju javnu vlasti i gra\u0111ana koji \u017eive u Hrvatskoj. &bdquo;Dolazak velikog broja ljudi na prostor Republike Hrvatske odgovornost je ne samo onih pojedinaca koji u ovom trenutku vr&scaron;e javnu vlast i imaju [&hellip;]<\/p>\n","protected":false},"author":1,"featured_media":7721,"menu_order":0,"template":"","categories":[],"novosti_category":[60],"class_list":["post-8899","novosti","type-novosti","status-publish","has-post-thumbnail","hentry","novosti_category-priopcenja"],"acf":[],"_links":{"self":[{"href":"https:\/\/transparency.vdevs.eu\/hr\/wp-json\/wp\/v2\/novosti\/8899","targetHints":{"allow":["GET"]}}],"collection":[{"href":"https:\/\/transparency.vdevs.eu\/hr\/wp-json\/wp\/v2\/novosti"}],"about":[{"href":"https:\/\/transparency.vdevs.eu\/hr\/wp-json\/wp\/v2\/types\/novosti"}],"author":[{"embeddable":true,"href":"https:\/\/transparency.vdevs.eu\/hr\/wp-json\/wp\/v2\/users\/1"}],"wp:featuredmedia":[{"embeddable":true,"href":"https:\/\/transparency.vdevs.eu\/hr\/wp-json\/wp\/v2\/media\/7721"}],"wp:attachment":[{"href":"https:\/\/transparency.vdevs.eu\/hr\/wp-json\/wp\/v2\/media?parent=8899"}],"wp:term":[{"taxonomy":"category","embeddable":true,"href":"https:\/\/transparency.vdevs.eu\/hr\/wp-json\/wp\/v2\/categories?post=8899"},{"taxonomy":"novosti_category","embeddable":true,"href":"https:\/\/transparency.vdevs.eu\/hr\/wp-json\/wp\/v2\/novosti_category?post=8899"}],"curies":[{"name":"wp","href":"https:\/\/api.w.org\/{rel}","templated":true}]}}

Izbjegličku krizu nemojte koristiti za korumpiranost

<p style="text-align: justify;">Transparency international Hrvatska smatra da je neophodno pokazati stvarnu primjenu duboke ukorijenjenosti pozitivnih dru&scaron;tvenih vrijednosti u svakodnevni rad svih političkih institucija, pojedinaca koji obna&scaron;aju javnu vlasti i građana koji žive u Hrvatskoj.</p>
<p style="text-align: justify;"><span style="line-height: 1.6em;">&bdquo;<em>Dolazak velikog broja ljudi na prostor Republike Hrvatske odgovornost je ne samo onih pojedinaca koji u ovom trenutku vr&scaron;e javnu vlast i imaju obavezu rije&scaron;iti sada&scaron;nju situaciju, već i svakog građanina.</em></span></p>
<p style="text-align: justify;"><em><span style="line-height: 1.6em;">U aktivnostima u koje ste uključeni&nbsp;budite po&scaron;teni&nbsp;i pokažite ljudskost, humanost i odgovornost.&nbsp;Nemojte koristiti tuđu nevolju kako bi se opravdavali i pozivali na ekstreme. &nbsp; &nbsp;</span></em></p>
<p style="text-align: justify;"><em><span style="line-height: 1.6em;">Koruptivno pona&scaron;anje počinje onda kada umiru sve one vrijednosti&nbsp;koji se protive zdravom razumu i služenju čitavom dru&scaron;tvu.</span></em></p>
<p style="text-align: justify;"><span style="line-height: 1.6em;"><em>Pozivamo svakog pojedinca da po&scaron;tuje pravila i norme vlastite države, da djeluje u skladu s njima, te da se podrže napori državnih institucija i mjerodavnih tijela da se ova situacija &scaron;to prije zavr&scaron;</em>i.&nbsp;&ldquo; istaknula je&nbsp;Davorka Budimir, predsjednica TIH-a.</span></p>

<p>Transparency international Hrvatska smatra da je neophodno pokazati stvarnu primjenu duboke ukorijenjenosti pozitivnih dru&scaron;tvenih vrijednosti u svakodnevni rad svih političkih institucija, pojedinaca koji obna&scaron;aju javnu vlasti i građana koji žive u Hrvatskoj. &bdquo;Dolazak velikog broja ljudi na prostor Republike Hrvatske odgovornost je ne samo onih pojedinaca koji u ovom trenutku vr&scaron;e javnu vlast i imaju [&hellip;]</p>
